by 361.
39
What is the remainder when 120696 is divided by 14?
2
What is the remainder when 937 is divided by 7?
6
What is the remainder when 3970 is divided by 3945?
25
What is the remainder when 999 is divided by 385?
229
What is the remainder when 1089 is divided by 998?
91
What is the remainder when 2192 is divided by 174?
104
What is the remainder when 61941 is divided by 12387?
6
Calculate the remainder when 10056 is divided by 240.
216
What is the remainder when 4092 is divided by 21?
18
What is the remainder when 14642 is divided by 178?
46
Calculate the remainder when 1558 is divided by 458.
184
What is the remainder when 70650 is divided by 8829?
18
What is the remainder when 65182 is divided by 19?
12
Calculate the remainder when 2722 is divided by 12.
10
What is the remainder when 3764169 is divided by 876?
873
Calculate the remainder when 1158 is divided by 324.
186
Calculate the remainder when 11469 is divided by 723.
624
Calculate the remainder when 7219 is divided by 195.
4
Calculate the remainder when 50157 is divided by 3857.
16
What is the remainder when 6287 is divided by 163?
93
What is the remainder when 4924 is divided by 103?
83
What is the remainder when 4468 is divided by 30?
28
Calculate the remainder when 37809 is divided by 92.
89
What is the remainder when 8975 is divided by 125?
100
Calculate the remainder when 4833 is divided by 4.
1
Calculate the remainder when 4170 is divided by 28.
26
Calculate the remainder when 1501 is divided by 1426.
75
What is the remainder when 8659 is divided by 107?
99
Calculate the remainder when 3119 is divided by 55.
39
Calculate the remainder when 2922 is divided by 40.
2
Calculate the remainder when 4414 is divided by 116.
6
Calculate the remainder when 1674 is divided by 8.
2
What is the remainder when 3690 is divided by 240?
90
Calculate the remainder when 331874 is divided by 225.
224
Calculate the remainder when 28334 is divided by 315.
299
Calculate the remainder when 1005 is divided by 67.
0
What is the remainder when 37941 is divided by 372?
369
Calculate the remainder when 605145 is divided by 211.
208
What is the remainder when 442172 is divided by 784?
780
What is the remainder when 31652 is divided by 3513?
35
Calculate the remainder when 667600 is divided by 26.
24
What is the remainder when 3670 is divided by 267?
199
Calculate the remainder when 2326 is divided by 30.
16
What is the remainder when 6260 is divided by 1708?
1136
What is the remainder when 21669 is divided by 7220?
9
Calculate the remainder when 12597 is divided by 138.
39
Calculate the remainder when 19542 is divided by 9754.
34
What is the remainder when 96506 is divided by 4?
2
What is the remainder when 45049 is divided by 6414?
151
What is the remainder when 4265 is divided by 713?
700
Calculate the remainder when 82618 is divided by 170.
168
Calculate the remainder when 3037 is divided by 761.
754
What is the remainder when 72394 is divided by 12065?
4
What is the remainder when 15314 is divided by 377?
234
What is the remainder when 91284 is divided by 91278?
6
What is the remainder when 8709 is divided by 10?
9
What is the remainder when 27913 is divided by 288?
265
What is the remainder when 2051 is divided by 322?
119
Calculate the remainder when 186 is divided by 144.
42
What is the remainder when 34053 is divided by 8500?
53
What is the remainder when 17760 is divided by 47?
41
Calculate the remainder when 1185 is divided by 22.
19
Calculate the remainder when 60067 is divided by 16.
3
Calculate the remainder when 18661 is divided by 256.
229
Calculate the remainder when 116695 is divided by 242.
51
Calculate the remainder when 3045 is divided by 941.
222
What is the remainder when 464 is divided by 156?
152
Calculate the remainder when 12150 is divided by 20.
10
What is the remainder when 1723 is divided by 1500?
223
What is the remainder when 309 is divided by 48?
21
Calculate the remainder when 1029964 is divided by 358.
356
Calculate the remainder when 1805038 is divided by 276.
274
Calculate the remainder when 13894 is divided by 99.
34
What is the remainder when 4772 is divided by 216?
20
What is the remainder when 33830 is divided by 153?
17
Calculate the remainder when 23396 is divided by 200.
196
Calculate the remainder when 199799 is divided by 444.
443
What is the remainder when 5157 is divided by 35?
12
Calculate the remainder when 14758 is divided by 70.
58
What is the remainder when 23317 is divided by 8?
5
Calculate the remainder when 2324 is divided by 26.
10
What is the remainder when 14248 is divided by 14190?
58
Calculate the remainder when 13363 is divided by 79.
12
What is the remainder when 46182 is divided by 11535?
42
What is the remainder when 1235 is divided by 63?
38
What is the remainder when 44852 is divided by 22409?
34
Calculate the remainder when 49775 is divided by 48.
47
Calculate the remainder when 9238 is divided by 3070.
28
What is the remainder when 88772 is divided by 44382?
8
Calculate the remainder when 18881 is divided by 66.
5
What is the remainder when 14113051 is divided by 87?
85
Calculate the remainder when 15331 is divided by 4858.
757
What is the remainder when 36222 is divided by 655?
197
Calculate the remainder when 5243 is divided by 513.
113
Calculate the remainder when 316481 is divided by 178.
175
Calculate the remainder when 3221 is divided by 504.
197
What is the remainder when 53218 is divided by 5912?
10
What is the remainder when 2949 is divided by 156?
141
Calculate the remainder when 48774 is divided by 195.
24
Calculate the remainder when 54827 is divided by 7831.
10
What is the remainder when 278430 is divided by 176?
174
What is the remainder when 6917 is divided by 1727?
9
What is the remainder when 636 is divided by 22?
20
What is the remainder when 22164 is divided by 136?
132
What is the remainder when 2641 is divided by 114?
19
Calculate the remainder when 16815 is divided by 50.
15
Calculate the remainder when 169201 is divided by 56387.
40
What is the remainder when 30849 is divided by 179?
61
What is the remainder when 2476 is divided by 684?
424
Calculate the remainder when 694 is divided by 13.
5
What is the remainder when 78100 is divided by 26?
22
Calculate the remainder when 23236 is divided by 127.
122
What is the remainder when 11957 is divided by 26?
23
What is the remainder when 3697197 is divided by 200?
197
Calculate the remainder when 3404 is divided by 22.
16
What is the remainder when 34258 is divided by 3806?
4
What is the remainder when 53813 is divided by 23?
16
What is the remainder when 835 is divided by 335?
165
Calculate the remainder when 930 is divided by 61.
15
Calculate the remainder when 17871 is divided by 8862.
147
What is the remainder when 1398949 is divided by 175?
174
What is the remainder when 9149 is divided by 2151?
545
Calculate the remainder when 1696 is divided by 410.
56
What is the remainder when 56700 is divided by 5661?
90
Calculate the remainder when 81961 is divided by 107.
106
What is the remainder when 4419 is divided by 13?
12
Calculate the remainder when 21282 is divided by 1178.
78
What is the remainder when 176937 is divided by 88467?
3
Calculate the remainder when 19337 is divided by 62.
55
What is the remainder when 7138 is divided by 229?
39
Calculate the remainder when 226666 is divided by 38.
34
What is the remainder when 391770 is divided by 43?
40
Calculate the remainder when 932935 is divided by 146.
141
What is the remainder when 5350604 is divided by 1495?
1494
Calculate the remainder when 13738 is divided by 158.
150
Calculate the remainder when 4585 is divided by 1494.
103
Calculate the remainder when 1912 is divided by 29.
27
Calculate the remainder when 14292 is divided by 4733.
93
What is the remainder when 53582 is divided by 17858?
8
Calculate the remainder when 210378 is divided by 105187.
4
What is the remainder when 25051 is divided by 53?
35
Calculate the remainder when 17646 is divided by 1100.
46
What is the remainder when 74840 is divided by 252?
248
Calculate the remainder when 128927 is divided by 1632.
1631
What is the remainder when 301834 is divided by 18?
10
Calculate the remainder when 15524 is divided by 28.
12
Calculate the remainde